{"id":397150,"date":"2026-04-21T07:11:05","date_gmt":"2026-04-21T05:11:05","guid":{"rendered":"https:\/\/tourisme-latestedebuch.com\/manifestations\/under-events-x-maree-basse\/"},"modified":"2026-04-27T09:32:07","modified_gmt":"2026-04-27T07:32:07","slug":"under-events-x-maree-basse","status":"publish","type":"manifestations","link":"https:\/\/tourisme-latestedebuch.com\/es\/manifestations\/under-events-x-maree-basse\/","title":{"rendered":"UNDER EVENTS x MAR\u00c9E BASSE"},"content":{"rendered":"<p>SUBMERSION revient le 25 Juillet 2026 au Parc des expositions de La Teste de Buch pour une \u00e9dition encore plus folle. Tout a \u00e9t\u00e9 repens\u00e9 dans les moindres d\u00e9tails afin de vous offrir une exp\u00e9rience inoubliable. \ud83c\udf05  <\/p>\n<p>PLUS GRAND, PLUS FORT, PLUS PROFOND, SUBMERSION COMME VOUS NE L\u2019AVEZ JAMAIS VU. \ud83c\udf0a <\/p>\n<p> ______ <\/p>\n<p> INFORMATIONS IMPORTANTES <\/p>\n<p> Date : Samedi 25 Juillet<br \/>\nLieu : Parc des expositions de la Teste-de-Buch  <\/p>\n<p>______  <\/p>\n<p>Toute forme de conduite inappropri\u00e9e ou de propos portant atteinte au respect et \u00e0 la s\u00e9curit\u00e9 d\u2019autrui, notamment \u00e0 caract\u00e8re violent, discriminant ou haineux, pourra entra\u00eener un refus d\u2019acc\u00e8s ou une \u00e9viction imm\u00e9diate des \u00e9v\u00e9nements UNDER EVENTS et MAR\u00c9E BASSE, ainsi que des actions judiciaires si n\u00e9cessaire. <\/p>\n","protected":false},"featured_media":0,"template":"","type-manifestation":[17],"pmr":[],"tax-saisons":[160],"acf":[],"yoast_head":"<!-- This site is optimized with the Yoast SEO plugin v23.0 - https:\/\/yoast.com\/wordpress\/plugins\/seo\/ -->\n<title>UNDER EVENTS x MAR\u00c9E BASSE - Site de l&#039;Office de tourisme La Teste de Buch<\/title>\n<meta name=\"robots\" content=\"index, follow, max-snippet:-1, max-image-preview:large, max-video-preview:-1\" \/>\n<link rel=\"canonical\" href=\"https:\/\/tourisme-latestedebuch.com\/manifestations\/under-events-x-maree-basse\/\" \/>\n<meta property=\"og:locale\" content=\"es_ES\" \/>\n<meta property=\"og:type\" content=\"article\" \/>\n<meta property=\"og:title\" content=\"UNDER EVENTS x MAR\u00c9E BASSE - Site de l&#039;Office de tourisme La Teste de Buch\" \/>\n<meta property=\"og:description\" content=\"SUBMERSION revient le 25 Juillet 2026 au Parc des expositions de La Teste de Buch pour une \u00e9dition encore plus folle. Tout a \u00e9t\u00e9 repens\u00e9 dans les moindres d\u00e9tails afin&hellip;\" \/>\n<meta property=\"og:url\" content=\"https:\/\/tourisme-latestedebuch.com\/manifestations\/under-events-x-maree-basse\/\" \/>\n<meta property=\"og:site_name\" content=\"Site de l&#039;Office de tourisme La Teste de Buch\" \/>\n<meta property=\"article:modified_time\" content=\"2026-04-27T07:32:07+00:00\" \/>\n<meta name=\"twitter:card\" content=\"summary_large_image\" \/>\n<meta name=\"twitter:label1\" content=\"Tiempo de lectura\" \/>\n\t<meta name=\"twitter:data1\" content=\"1 minuto\" \/>\n<script type=\"application\/ld+json\" class=\"yoast-schema-graph\">{\"@context\":\"https:\/\/schema.org\",\"@graph\":[{\"@type\":\"WebPage\",\"@id\":\"https:\/\/tourisme-latestedebuch.com\/manifestations\/under-events-x-maree-basse\/\",\"url\":\"https:\/\/tourisme-latestedebuch.com\/manifestations\/under-events-x-maree-basse\/\",\"name\":\"UNDER EVENTS x MAR\u00c9E BASSE - Site de l&#039;Office de tourisme La Teste de Buch\",\"isPartOf\":{\"@id\":\"https:\/\/tourisme-latestedebuch.com\/#website\"},\"datePublished\":\"2026-04-21T05:11:05+00:00\",\"dateModified\":\"2026-04-27T07:32:07+00:00\",\"breadcrumb\":{\"@id\":\"https:\/\/tourisme-latestedebuch.com\/manifestations\/under-events-x-maree-basse\/#breadcrumb\"},\"inLanguage\":\"es\",\"potentialAction\":[{\"@type\":\"ReadAction\",\"target\":[\"https:\/\/tourisme-latestedebuch.com\/manifestations\/under-events-x-maree-basse\/\"]}]},{\"@type\":\"BreadcrumbList\",\"@id\":\"https:\/\/tourisme-latestedebuch.com\/manifestations\/under-events-x-maree-basse\/#breadcrumb\",\"itemListElement\":[{\"@type\":\"ListItem\",\"position\":1,\"name\":\"Accueil\",\"item\":\"https:\/\/tourisme-latestedebuch.com\/es\/\"},{\"@type\":\"ListItem\",\"position\":2,\"name\":\"Manifestations\",\"item\":\"https:\/\/tourisme-latestedebuch.com\/agenda\/\"},{\"@type\":\"ListItem\",\"position\":3,\"name\":\"UNDER EVENTS x MAR\u00c9E BASSE\"}]},{\"@type\":\"WebSite\",\"@id\":\"https:\/\/tourisme-latestedebuch.com\/#website\",\"url\":\"https:\/\/tourisme-latestedebuch.com\/\",\"name\":\"Site de l&#039;Office de tourisme La Teste de Buch\",\"description\":\"\",\"potentialAction\":[{\"@type\":\"SearchAction\",\"target\":{\"@type\":\"EntryPoint\",\"urlTemplate\":\"https:\/\/tourisme-latestedebuch.com\/?s={search_term_string}\"},\"query-input\":\"required name=search_term_string\"}],\"inLanguage\":\"es\"}]}<\/script>\n<!-- \/ Yoast SEO plugin. -->","yoast_head_json":{"title":"UNDER EVENTS x MAR\u00c9E BASSE - Site de l&#039;Office de tourisme La Teste de Buch","robots":{"index":"index","follow":"follow","max-snippet":"max-snippet:-1","max-image-preview":"max-image-preview:large","max-video-preview":"max-video-preview:-1"},"canonical":"https:\/\/tourisme-latestedebuch.com\/manifestations\/under-events-x-maree-basse\/","og_locale":"es_ES","og_type":"article","og_title":"UNDER EVENTS x MAR\u00c9E BASSE - Site de l&#039;Office de tourisme La Teste de Buch","og_description":"SUBMERSION revient le 25 Juillet 2026 au Parc des expositions de La Teste de Buch pour une \u00e9dition encore plus folle. Tout a \u00e9t\u00e9 repens\u00e9 dans les moindres d\u00e9tails afin&hellip;","og_url":"https:\/\/tourisme-latestedebuch.com\/manifestations\/under-events-x-maree-basse\/","og_site_name":"Site de l&#039;Office de tourisme La Teste de Buch","article_modified_time":"2026-04-27T07:32:07+00:00","twitter_card":"summary_large_image","twitter_misc":{"Tiempo de lectura":"1 minuto"},"schema":{"@context":"https:\/\/schema.org","@graph":[{"@type":"WebPage","@id":"https:\/\/tourisme-latestedebuch.com\/manifestations\/under-events-x-maree-basse\/","url":"https:\/\/tourisme-latestedebuch.com\/manifestations\/under-events-x-maree-basse\/","name":"UNDER EVENTS x MAR\u00c9E BASSE - Site de l&#039;Office de tourisme La Teste de Buch","isPartOf":{"@id":"https:\/\/tourisme-latestedebuch.com\/#website"},"datePublished":"2026-04-21T05:11:05+00:00","dateModified":"2026-04-27T07:32:07+00:00","breadcrumb":{"@id":"https:\/\/tourisme-latestedebuch.com\/manifestations\/under-events-x-maree-basse\/#breadcrumb"},"inLanguage":"es","potentialAction":[{"@type":"ReadAction","target":["https:\/\/tourisme-latestedebuch.com\/manifestations\/under-events-x-maree-basse\/"]}]},{"@type":"BreadcrumbList","@id":"https:\/\/tourisme-latestedebuch.com\/manifestations\/under-events-x-maree-basse\/#breadcrumb","itemListElement":[{"@type":"ListItem","position":1,"name":"Accueil","item":"https:\/\/tourisme-latestedebuch.com\/es\/"},{"@type":"ListItem","position":2,"name":"Manifestations","item":"https:\/\/tourisme-latestedebuch.com\/agenda\/"},{"@type":"ListItem","position":3,"name":"UNDER EVENTS x MAR\u00c9E BASSE"}]},{"@type":"WebSite","@id":"https:\/\/tourisme-latestedebuch.com\/#website","url":"https:\/\/tourisme-latestedebuch.com\/","name":"Site de l&#039;Office de tourisme La Teste de Buch","description":"","potentialAction":[{"@type":"SearchAction","target":{"@type":"EntryPoint","urlTemplate":"https:\/\/tourisme-latestedebuch.com\/?s={search_term_string}"},"query-input":"required name=search_term_string"}],"inLanguage":"es"}]}},"_links":{"self":[{"href":"https:\/\/tourisme-latestedebuch.com\/es\/wp-json\/wp\/v2\/manifestations\/397150"}],"collection":[{"href":"https:\/\/tourisme-latestedebuch.com\/es\/wp-json\/wp\/v2\/manifestations"}],"about":[{"href":"https:\/\/tourisme-latestedebuch.com\/es\/wp-json\/wp\/v2\/types\/manifestations"}],"wp:attachment":[{"href":"https:\/\/tourisme-latestedebuch.com\/es\/wp-json\/wp\/v2\/media?parent=397150"}],"wp:term":[{"taxonomy":"type-manifestation","embeddable":true,"href":"https:\/\/tourisme-latestedebuch.com\/es\/wp-json\/wp\/v2\/type-manifestation?post=397150"},{"taxonomy":"pmr","embeddable":true,"href":"https:\/\/tourisme-latestedebuch.com\/es\/wp-json\/wp\/v2\/pmr?post=397150"},{"taxonomy":"tax-saisons","embeddable":true,"href":"https:\/\/tourisme-latestedebuch.com\/es\/wp-json\/wp\/v2\/tax-saisons?post=397150"}],"curies":[{"name":"wp","href":"https:\/\/api.w.org\/{rel}","templated":true}]}}

UNDER EVENTS x MARÉE BASSE

<p>SUBMERSION revient le 25 Juillet 2026 au Parc des expositions de La Teste de Buch pour une édition encore plus folle. Tout a été repensé dans les moindres détails afin de vous offrir une expérience inoubliable. 🌅  </p>
<p>PLUS GRAND, PLUS FORT, PLUS PROFOND, SUBMERSION COMME VOUS NE L’AVEZ JAMAIS VU. 🌊 </p>
<p> ______ </p>
<p> INFORMATIONS IMPORTANTES </p>
<p> Date : Samedi 25 Juillet<br />
Lieu : Parc des expositions de la Teste-de-Buch  </p>
<p>______  </p>
<p>Toute forme de conduite inappropriée ou de propos portant atteinte au respect et à la sécurité d’autrui, notamment à caractère violent, discriminant ou haineux, pourra entraîner un refus d’accès ou une éviction immédiate des événements UNDER EVENTS et MARÉE BASSE, ainsi que des actions judiciaires si nécessaire. </p>

<!-- This site is optimized with the Yoast SEO plugin v23.0 - https://yoast.com/wordpress/plugins/seo/ -->
<title>UNDER EVENTS x MARÉE BASSE - Site de l&#039;Office de tourisme La Teste de Buch</title>
<meta name="robots" content="index, follow, max-snippet:-1, max-image-preview:large, max-video-preview:-1" />
<link rel="canonical" href="https://tourisme-latestedebuch.com/manifestations/under-events-x-maree-basse/" />
<meta property="og:locale" content="es_ES" />
<meta property="og:type" content="article" />
<meta property="og:title" content="UNDER EVENTS x MARÉE BASSE - Site de l&#039;Office de tourisme La Teste de Buch" />
<meta property="og:description" content="SUBMERSION revient le 25 Juillet 2026 au Parc des expositions de La Teste de Buch pour une édition encore plus folle. Tout a été repensé dans les moindres détails afin&hellip;" />
<meta property="og:url" content="https://tourisme-latestedebuch.com/manifestations/under-events-x-maree-basse/" />
<meta property="og:site_name" content="Site de l&#039;Office de tourisme La Teste de Buch" />
<meta property="article:modified_time" content="2026-04-27T07:32:07+00:00" />
<meta name="twitter:card" content="summary_large_image" />
<meta name="twitter:label1" content="Tiempo de lectura" />
	<meta name="twitter:data1" content="1 minuto" />
<script type="application/ld+json" class="yoast-schema-graph">{"@context":"https://schema.org","@graph":[{"@type":"WebPage","@id":"https://tourisme-latestedebuch.com/manifestations/under-events-x-maree-basse/","url":"https://tourisme-latestedebuch.com/manifestations/under-events-x-maree-basse/","name":"UNDER EVENTS x MARÉE BASSE - Site de l&#039;Office de tourisme La Teste de Buch","isPartOf":{"@id":"https://tourisme-latestedebuch.com/#website"},"datePublished":"2026-04-21T05:11:05+00:00","dateModified":"2026-04-27T07:32:07+00:00","breadcrumb":{"@id":"https://tourisme-latestedebuch.com/manifestations/under-events-x-maree-basse/#breadcrumb"},"inLanguage":"es","potentialAction":[{"@type":"ReadAction","target":["https://tourisme-latestedebuch.com/manifestations/under-events-x-maree-basse/"]}]},{"@type":"BreadcrumbList","@id":"https://tourisme-latestedebuch.com/manifestations/under-events-x-maree-basse/#breadcrumb","itemListElement":[{"@type":"ListItem","position":1,"name":"Accueil","item":"https://tourisme-latestedebuch.com/es/"},{"@type":"ListItem","position":2,"name":"Manifestations","item":"https://tourisme-latestedebuch.com/agenda/"},{"@type":"ListItem","position":3,"name":"UNDER EVENTS x MARÉE BASSE"}]},{"@type":"WebSite","@id":"https://tourisme-latestedebuch.com/#website","url":"https://tourisme-latestedebuch.com/","name":"Site de l&#039;Office de tourisme La Teste de Buch","description":"","potentialAction":[{"@type":"SearchAction","target":{"@type":"EntryPoint","urlTemplate":"https://tourisme-latestedebuch.com/?s={search_term_string}"},"query-input":"required name=search_term_string"}],"inLanguage":"es"}]}</script>
<!-- / Yoast SEO plugin. -->

UNDER EVENTS x MARÉE BASSE - Site de l&#039;Office de tourisme La Teste de Buch

SUBMERSION revient le 25 Juillet 2026 au Parc des expositions de La Teste de Buch pour une édition encore plus folle. Tout a été repensé dans les moindres détails afin&hellip;
