{"id":406944,"date":"2026-04-23T17:15:11","date_gmt":"2026-04-23T15:15:11","guid":{"rendered":"https:\/\/tourisme-latestedebuch.com\/manifestations\/vide-grenier-generathon-association-testerine\/"},"modified":"2026-04-27T09:39:04","modified_gmt":"2026-04-27T07:39:04","slug":"vide-grenier-generathon-association-testerine","status":"publish","type":"manifestations","link":"https:\/\/tourisme-latestedebuch.com\/es\/manifestations\/vide-grenier-generathon-association-testerine\/","title":{"rendered":"Vide grenier G\u00e9n\u00e9rathon &#8211; Association Testerine"},"content":{"rendered":"<p>Vide-grenier solidaire au Parc des Expositions de La Teste de Buch<\/p>\n<p>Le Parc des Expositions de La Teste de Buch accueille un vide-grenier organis\u00e9 au profit du T\u00e9l\u00e9thon 2026, en partenariat avec l\u2019association locale engag\u00e9e pour la recherche m\u00e9dicale.<\/p>\n<p>Ouvert \u00e0 tous, cet \u00e9v\u00e9nement grand public rassemble exposants et visiteurs autour d\u2019une journ\u00e9e conviviale, plac\u00e9e sous le signe du partage et de la solidarit\u00e9.<\/p>\n<p>Informations pratiques :<\/p>\n<p>\ud83d\udcc5 Dimanche 7 juin 2026<br \/>\n\ud83d\udccd Parc des Expositions \u2013 La Teste de Buch<br \/>\n\u23f0 De 9h \u00e0 18h (accueil exposants \u00e0 partir de 6h)<br \/>\n\ud83c\udf74 Restauration et buvette sur place<\/p>\n<p>C\u00f4t\u00e9 exposants :<\/p>\n<p>20 \u20ac les 5 m\u00e8tres lin\u00e9aires<br \/>\n6 \u20ac le m\u00e8tre suppl\u00e9mentaire<\/p>\n<p>Professionnels, particuliers, chineurs ou simples curieux : venez participer \u00e0 cette journ\u00e9e utile et conviviale, au c\u0153ur du Bassin d\u2019Arcachon.<\/p>\n<p>\ud83d\udcde 06 22 33 46 36 \/ 06 70 38 78 81<br \/>\n\ud83d\udce9 Imaixant@icloud.com<\/p>\n","protected":false},"featured_media":0,"template":"","type-manifestation":[60],"pmr":[],"tax-saisons":[159,164],"acf":[],"yoast_head":"<!-- This site is optimized with the Yoast SEO plugin v23.0 - https:\/\/yoast.com\/wordpress\/plugins\/seo\/ -->\n<title>Vide grenier G\u00e9n\u00e9rathon - Association Testerine - Site de l&#039;Office de tourisme La Teste de Buch<\/title>\n<meta name=\"robots\" content=\"index, follow, max-snippet:-1, max-image-preview:large, max-video-preview:-1\" \/>\n<link rel=\"canonical\" href=\"https:\/\/tourisme-latestedebuch.com\/manifestations\/vide-grenier-generathon-association-testerine\/\" \/>\n<meta property=\"og:locale\" content=\"es_ES\" \/>\n<meta property=\"og:type\" content=\"article\" \/>\n<meta property=\"og:title\" content=\"Vide grenier G\u00e9n\u00e9rathon - Association Testerine - Site de l&#039;Office de tourisme La Teste de Buch\" \/>\n<meta property=\"og:description\" content=\"Vide-grenier solidaire au Parc des Expositions de La Teste de Buch Le Parc des Expositions de La Teste de Buch accueille un vide-grenier organis\u00e9 au profit du T\u00e9l\u00e9thon 2026, en&hellip;\" \/>\n<meta property=\"og:url\" content=\"https:\/\/tourisme-latestedebuch.com\/manifestations\/vide-grenier-generathon-association-testerine\/\" \/>\n<meta property=\"og:site_name\" content=\"Site de l&#039;Office de tourisme La Teste de Buch\" \/>\n<meta property=\"article:modified_time\" content=\"2026-04-27T07:39:04+00:00\" \/>\n<meta name=\"twitter:card\" content=\"summary_large_image\" \/>\n<meta name=\"twitter:label1\" content=\"Tiempo de lectura\" \/>\n\t<meta name=\"twitter:data1\" content=\"1 minuto\" \/>\n<script type=\"application\/ld+json\" class=\"yoast-schema-graph\">{\"@context\":\"https:\/\/schema.org\",\"@graph\":[{\"@type\":\"WebPage\",\"@id\":\"https:\/\/tourisme-latestedebuch.com\/manifestations\/vide-grenier-generathon-association-testerine\/\",\"url\":\"https:\/\/tourisme-latestedebuch.com\/manifestations\/vide-grenier-generathon-association-testerine\/\",\"name\":\"Vide grenier G\u00e9n\u00e9rathon - Association Testerine - Site de l&#039;Office de tourisme La Teste de Buch\",\"isPartOf\":{\"@id\":\"https:\/\/tourisme-latestedebuch.com\/#website\"},\"datePublished\":\"2026-04-23T15:15:11+00:00\",\"dateModified\":\"2026-04-27T07:39:04+00:00\",\"breadcrumb\":{\"@id\":\"https:\/\/tourisme-latestedebuch.com\/manifestations\/vide-grenier-generathon-association-testerine\/#breadcrumb\"},\"inLanguage\":\"es\",\"potentialAction\":[{\"@type\":\"ReadAction\",\"target\":[\"https:\/\/tourisme-latestedebuch.com\/manifestations\/vide-grenier-generathon-association-testerine\/\"]}]},{\"@type\":\"BreadcrumbList\",\"@id\":\"https:\/\/tourisme-latestedebuch.com\/manifestations\/vide-grenier-generathon-association-testerine\/#breadcrumb\",\"itemListElement\":[{\"@type\":\"ListItem\",\"position\":1,\"name\":\"Accueil\",\"item\":\"https:\/\/tourisme-latestedebuch.com\/es\/\"},{\"@type\":\"ListItem\",\"position\":2,\"name\":\"Manifestations\",\"item\":\"https:\/\/tourisme-latestedebuch.com\/agenda\/\"},{\"@type\":\"ListItem\",\"position\":3,\"name\":\"Vide grenier G\u00e9n\u00e9rathon &#8211; Association Testerine\"}]},{\"@type\":\"WebSite\",\"@id\":\"https:\/\/tourisme-latestedebuch.com\/#website\",\"url\":\"https:\/\/tourisme-latestedebuch.com\/\",\"name\":\"Site de l&#039;Office de tourisme La Teste de Buch\",\"description\":\"\",\"potentialAction\":[{\"@type\":\"SearchAction\",\"target\":{\"@type\":\"EntryPoint\",\"urlTemplate\":\"https:\/\/tourisme-latestedebuch.com\/?s={search_term_string}\"},\"query-input\":\"required name=search_term_string\"}],\"inLanguage\":\"es\"}]}<\/script>\n<!-- \/ Yoast SEO plugin. -->","yoast_head_json":{"title":"Vide grenier G\u00e9n\u00e9rathon - Association Testerine - Site de l&#039;Office de tourisme La Teste de Buch","robots":{"index":"index","follow":"follow","max-snippet":"max-snippet:-1","max-image-preview":"max-image-preview:large","max-video-preview":"max-video-preview:-1"},"canonical":"https:\/\/tourisme-latestedebuch.com\/manifestations\/vide-grenier-generathon-association-testerine\/","og_locale":"es_ES","og_type":"article","og_title":"Vide grenier G\u00e9n\u00e9rathon - Association Testerine - Site de l&#039;Office de tourisme La Teste de Buch","og_description":"Vide-grenier solidaire au Parc des Expositions de La Teste de Buch Le Parc des Expositions de La Teste de Buch accueille un vide-grenier organis\u00e9 au profit du T\u00e9l\u00e9thon 2026, en&hellip;","og_url":"https:\/\/tourisme-latestedebuch.com\/manifestations\/vide-grenier-generathon-association-testerine\/","og_site_name":"Site de l&#039;Office de tourisme La Teste de Buch","article_modified_time":"2026-04-27T07:39:04+00:00","twitter_card":"summary_large_image","twitter_misc":{"Tiempo de lectura":"1 minuto"},"schema":{"@context":"https:\/\/schema.org","@graph":[{"@type":"WebPage","@id":"https:\/\/tourisme-latestedebuch.com\/manifestations\/vide-grenier-generathon-association-testerine\/","url":"https:\/\/tourisme-latestedebuch.com\/manifestations\/vide-grenier-generathon-association-testerine\/","name":"Vide grenier G\u00e9n\u00e9rathon - Association Testerine - Site de l&#039;Office de tourisme La Teste de Buch","isPartOf":{"@id":"https:\/\/tourisme-latestedebuch.com\/#website"},"datePublished":"2026-04-23T15:15:11+00:00","dateModified":"2026-04-27T07:39:04+00:00","breadcrumb":{"@id":"https:\/\/tourisme-latestedebuch.com\/manifestations\/vide-grenier-generathon-association-testerine\/#breadcrumb"},"inLanguage":"es","potentialAction":[{"@type":"ReadAction","target":["https:\/\/tourisme-latestedebuch.com\/manifestations\/vide-grenier-generathon-association-testerine\/"]}]},{"@type":"BreadcrumbList","@id":"https:\/\/tourisme-latestedebuch.com\/manifestations\/vide-grenier-generathon-association-testerine\/#breadcrumb","itemListElement":[{"@type":"ListItem","position":1,"name":"Accueil","item":"https:\/\/tourisme-latestedebuch.com\/es\/"},{"@type":"ListItem","position":2,"name":"Manifestations","item":"https:\/\/tourisme-latestedebuch.com\/agenda\/"},{"@type":"ListItem","position":3,"name":"Vide grenier G\u00e9n\u00e9rathon &#8211; Association Testerine"}]},{"@type":"WebSite","@id":"https:\/\/tourisme-latestedebuch.com\/#website","url":"https:\/\/tourisme-latestedebuch.com\/","name":"Site de l&#039;Office de tourisme La Teste de Buch","description":"","potentialAction":[{"@type":"SearchAction","target":{"@type":"EntryPoint","urlTemplate":"https:\/\/tourisme-latestedebuch.com\/?s={search_term_string}"},"query-input":"required name=search_term_string"}],"inLanguage":"es"}]}},"_links":{"self":[{"href":"https:\/\/tourisme-latestedebuch.com\/es\/wp-json\/wp\/v2\/manifestations\/406944"}],"collection":[{"href":"https:\/\/tourisme-latestedebuch.com\/es\/wp-json\/wp\/v2\/manifestations"}],"about":[{"href":"https:\/\/tourisme-latestedebuch.com\/es\/wp-json\/wp\/v2\/types\/manifestations"}],"wp:attachment":[{"href":"https:\/\/tourisme-latestedebuch.com\/es\/wp-json\/wp\/v2\/media?parent=406944"}],"wp:term":[{"taxonomy":"type-manifestation","embeddable":true,"href":"https:\/\/tourisme-latestedebuch.com\/es\/wp-json\/wp\/v2\/type-manifestation?post=406944"},{"taxonomy":"pmr","embeddable":true,"href":"https:\/\/tourisme-latestedebuch.com\/es\/wp-json\/wp\/v2\/pmr?post=406944"},{"taxonomy":"tax-saisons","embeddable":true,"href":"https:\/\/tourisme-latestedebuch.com\/es\/wp-json\/wp\/v2\/tax-saisons?post=406944"}],"curies":[{"name":"wp","href":"https:\/\/api.w.org\/{rel}","templated":true}]}}

Vide grenier Générathon &#8211; Association Testerine

<p>Vide-grenier solidaire au Parc des Expositions de La Teste de Buch</p>
<p>Le Parc des Expositions de La Teste de Buch accueille un vide-grenier organisé au profit du Téléthon 2026, en partenariat avec l’association locale engagée pour la recherche médicale.</p>
<p>Ouvert à tous, cet événement grand public rassemble exposants et visiteurs autour d’une journée conviviale, placée sous le signe du partage et de la solidarité.</p>
<p>Informations pratiques :</p>
<p>📅 Dimanche 7 juin 2026<br />
📍 Parc des Expositions – La Teste de Buch<br />
⏰ De 9h à 18h (accueil exposants à partir de 6h)<br />
🍴 Restauration et buvette sur place</p>
<p>Côté exposants :</p>
<p>20 € les 5 mètres linéaires<br />
6 € le mètre supplémentaire</p>
<p>Professionnels, particuliers, chineurs ou simples curieux : venez participer à cette journée utile et conviviale, au cœur du Bassin d’Arcachon.</p>
<p>📞 06 22 33 46 36 / 06 70 38 78 81<br />
📩 Imaixant@icloud.com</p>

<!-- This site is optimized with the Yoast SEO plugin v23.0 - https://yoast.com/wordpress/plugins/seo/ -->
<title>Vide grenier Générathon - Association Testerine - Site de l&#039;Office de tourisme La Teste de Buch</title>
<meta name="robots" content="index, follow, max-snippet:-1, max-image-preview:large, max-video-preview:-1" />
<link rel="canonical" href="https://tourisme-latestedebuch.com/manifestations/vide-grenier-generathon-association-testerine/" />
<meta property="og:locale" content="es_ES" />
<meta property="og:type" content="article" />
<meta property="og:title" content="Vide grenier Générathon - Association Testerine - Site de l&#039;Office de tourisme La Teste de Buch" />
<meta property="og:description" content="Vide-grenier solidaire au Parc des Expositions de La Teste de Buch Le Parc des Expositions de La Teste de Buch accueille un vide-grenier organisé au profit du Téléthon 2026, en&hellip;" />
<meta property="og:url" content="https://tourisme-latestedebuch.com/manifestations/vide-grenier-generathon-association-testerine/" />
<meta property="og:site_name" content="Site de l&#039;Office de tourisme La Teste de Buch" />
<meta property="article:modified_time" content="2026-04-27T07:39:04+00:00" />
<meta name="twitter:card" content="summary_large_image" />
<meta name="twitter:label1" content="Tiempo de lectura" />
	<meta name="twitter:data1" content="1 minuto" />
<script type="application/ld+json" class="yoast-schema-graph">{"@context":"https://schema.org","@graph":[{"@type":"WebPage","@id":"https://tourisme-latestedebuch.com/manifestations/vide-grenier-generathon-association-testerine/","url":"https://tourisme-latestedebuch.com/manifestations/vide-grenier-generathon-association-testerine/","name":"Vide grenier Générathon - Association Testerine - Site de l&#039;Office de tourisme La Teste de Buch","isPartOf":{"@id":"https://tourisme-latestedebuch.com/#website"},"datePublished":"2026-04-23T15:15:11+00:00","dateModified":"2026-04-27T07:39:04+00:00","breadcrumb":{"@id":"https://tourisme-latestedebuch.com/manifestations/vide-grenier-generathon-association-testerine/#breadcrumb"},"inLanguage":"es","potentialAction":[{"@type":"ReadAction","target":["https://tourisme-latestedebuch.com/manifestations/vide-grenier-generathon-association-testerine/"]}]},{"@type":"BreadcrumbList","@id":"https://tourisme-latestedebuch.com/manifestations/vide-grenier-generathon-association-testerine/#breadcrumb","itemListElement":[{"@type":"ListItem","position":1,"name":"Accueil","item":"https://tourisme-latestedebuch.com/es/"},{"@type":"ListItem","position":2,"name":"Manifestations","item":"https://tourisme-latestedebuch.com/agenda/"},{"@type":"ListItem","position":3,"name":"Vide grenier Générathon &#8211; Association Testerine"}]},{"@type":"WebSite","@id":"https://tourisme-latestedebuch.com/#website","url":"https://tourisme-latestedebuch.com/","name":"Site de l&#039;Office de tourisme La Teste de Buch","description":"","potentialAction":[{"@type":"SearchAction","target":{"@type":"EntryPoint","urlTemplate":"https://tourisme-latestedebuch.com/?s={search_term_string}"},"query-input":"required name=search_term_string"}],"inLanguage":"es"}]}</script>
<!-- / Yoast SEO plugin. -->

Vide grenier Générathon - Association Testerine - Site de l&#039;Office de tourisme La Teste de Buch

Vide-grenier solidaire au Parc des Expositions de La Teste de Buch Le Parc des Expositions de La Teste de Buch accueille un vide-grenier organisé au profit du Téléthon 2026, en&hellip;
